2 - 3*v + 12. What is the remainder when 5 is divided by q(-5)?
1
Let q(j) = j**2 - 6*j + 11. Let x be q(8). Let u = 17 - x. Calculate the remainder when 29 is divided by 52/5 - u/(-25).
9
Let i(d) = d + 13. Calculate the remainder when 85 is divided by i(9).
19
Calculate the remainder when 110 is divided by (-28)/(-6)*(10 - 4).
26
Let j(q) = -q**3 - 2*q**2 - 4*q - 3. Let f be j(-2). Suppose 2*c - f*b - 33 = 0, b + 3 = -0*b. Calculate the remainder when c is divided by 3.
0
Let v(t) = -t**3 + t**2 + 2*t + 43. Calculate the remainder when v(0) is divided by 11.
10
Let i = -13 - -29. What is the remainder when 61 is divided by i?
13
Let a(i) = i**2 - 3*i + 2. Let x = -18 - -29. What is the remainder when a(-5) is divided by x?
9
Let x(n) = -n + 10. Calculate the remainder when 73 is divided by x(-5).
13
Calculate the remainder when 76 is divided by (-62)/(-12) - 5 - 137/(-6).
7
Let h(i) = i - 3. Let o be h(4). Calculate the remainder when ((-6)/(-6))/((-2)/(-10)) is divided by o*((-4)/2 - -4).
1
What is the remainder when 10 is divided by (-6)/21 - (153/(-7))/3?
3
Let n(p) = -p - 3. Let q be -2*1/((-2)/(-6)). Calculate the remainder when 6 is divided by n(q).
0
Let m(z) = 2*z**3 - 2*z**2 + z + 2. What is the remainder when 34 is divided by m(1)?
1
Let c(w) = w**3 - 7*w**2 - 9*w + 4. Let b(p) = -p + 1. Let d(n) = 4*b(n) - c(n). What is the remainder when d(7) is divided by 18?
17
Let i be ((-69)/(-9))/(2/6). Suppose -i = -3*k + 46. Suppose l + 36 = 4*l. What is the remainder when k is divided by l?
11
Let j be -5 - ((-6)/(-2) - 4). Calculate the remainder when j/14 - 382/(-14) is divided by 14.
13
Let g = 2 - -4. Calculate the remainder when 16 is divided by g.
4
Suppose 40 = 6*p - 152. Calculate the remainder when 95 is divided by p.
31
Let k = -124 + 149. What is the remainder when k is divided by 9?
7
Suppose 2*h = -0 + 14. What is the remainder when 19 is divided by h?
5
Suppose 0*q = -q + 17. Let s = -63 + 113. What is the remainder when s is divided by q?
16
Suppose 0 = 5*f, 0 = -0*n + 2*n - 3*f - 14. Suppose -4*g + 20 = -56. What is the remainder when g is divided by n?
5
Let v = -1 - -9. Let p(f) = f**3 - 7*f**2 - 4*f - 10. Calculate the remainder when 87 is divided by p(v).
21
Suppose -p - 18 = -5*m, 0 = 2*p - 3*p - 3*m + 22. Calculate the remainder when 46 is divided by p.
4
Suppose 2*i = -3*i + 20. Calculate the remainder when 7 is divided by i.
3
Suppose 4*c = -c - l + 36, -4*c + l = -27. What is the remainder when c is divided by 2?
1
Let t = 24 - 17. What is the remainder when 25 is divided by t?
4
Let n(u) = u**2 + 17*u + 28. What is the remainder when n(-18) is divided by 10?
6
Calculate the remainder when 22 is divided by -4*(-3 - 9)/4.
10
Let m be (-4)/(-5)*5/(-2). Let x(a) = -6*a + 2. Let d(h) = -7*h - 8. Calculate the remainder when d(-7) is divided by x(m).
13
Let q = -1 - -4. Let b be 0 - (8 + 0/1). Calculate the remainder when 38 is divided by 26/((-2 - b)/q).
12
Let p be (-4)/(-14) - (-1826)/77. Suppose 4*t - 3*l - p = 0, 0 = -2*l + 1 + 7. Suppose 4*q = 17 - 1. Calculate the remainder when t is divided by q.
1
Suppose 3*d = -2 - 28. Calculate the remainder when 45/(-18)*36/d is divided by 5.
4
Let c = 116 + -111. What is the remainder when 28 is divided by c?
3
Let z(o) = 4 + 4*o**3 - 2 - 4*o**2 - 5*o**3 + 6*o. Calculate the remainder when z(-6) is divided by 20.
18
Let o(k) = k**3 - 4*k**2 + 5*k - 2. Let d be o(3). Suppose -2*a - 1 + 3 = 0, d*g + 4*a - 164 = 0. What is the remainder when g is divided by 14?
12
Let j(v) = v**3 - 4*v**2 - v + 2. Let n(g) = -g**3 + 3*g**2 + g - 2. Let r(s) = 4*j(s) + 3*n(s). What is the remainder when r(8) is divided by 15?
13
Suppose -b = k - 87, 3*k + b - 256 = -b. Calculate the remainder when k is divided by 42.
40
Let q(y) = -9*y**3 + 2*y**2 + y. Calculate the remainder when q(-1) is divided by 6.
4
Let s = 17 + -12. Suppose -5*t + 82 = -3*n, -4*n - s*t - 115 = -29. What is the remainder when -63*(n/(-9) + -3) is divided by 12?
9
Let r(k) = -k**3 - 3*k**2 - k. Let m = 92 - 14. What is the remainder when m is divided by r(-4)?
18
Suppose -1 = l + g, 2*l + g - 13 = 2*g. What is the remainder when 7 is divided by l?
3
Suppose 0 = 4*c - 3*h - 38, 4*c - h - 26 = 16. Calculate the remainder when (0 - 3) + 5 + (23 - -7) is divided by c.
10
Let g(d) = 31*d**2 + 2*d + 3. Let r be g(-2). Suppose -r - 61 = -4*x. What is the remainder when x is divided by 24?
22
Let v(j) = j**3 + 5*j**2 + 4*j + 5. Let w be v(-4). What is the remainder when 15 is divided by w - ((-6)/2 - -4)?
3
Let s = 14 - 10. Calculate the remainder when 11 is divided by s.
3
Let w(i) = i**3 - 5*i**2 - 10*i + 2. What is the remainder when 207 is divided by w(7)?
27
Let u(q) = q**2 - 15*q + 13. Let o be u(13). Let h = 18 + o. What is the remainder when h is divided by 3?
2
Suppose -3*a - 3*f + 108 = 0, -a - f - 4*f = -32. Calculate the remainder when 107 is divided by a.
33
Let i(r) = 2*r - 3. What is the remainder when 3 is divided by i(3)?
0
Let w be 2 + -2*3/(-6). Suppose -38 - 22 = -w*z. Let j(s) = -s**3 - 3*s**2 + s - 1. Calculate the remainder when z is divided by j(-4).
9
Let t(h) = h**2 + 5*h - 2. Let g be t(-5). Let n = g - -7. Calculate the remainder when n is divided by 3.
2
Let y(f) = 2*f + f - 3*f**2 + 2 + 0 - f**3. Calculate the remainder when 10 is divided by y(-4).
4
Suppose 5*j - w - 56 = 0, -8 = -j - 0*j - 3*w. Calculate the remainder when j is divided by 4.
3
What is the remainder when 3*(1 + 8/3) is divided by -3*(-7)/21 - -2?
2
Suppose 3*c - 95 = 4*n - 6*n, -3*c + 3*n + 105 = 0. What is the remainder when c is divided by (5 - 8)/(1/(-3))?
6
Let x(r) = -r**2 + 40. Calculate the remainder when x(0) is divided by 14.
12
Let t(m) = m**3 + m**2 - 2*m + 7. Calculate the remainder when 26 is divided by t(0).
5
Let g(q) = -2*q**2 + 30*q + 17. Let a be (-1)/4 - (-50)/8. Let w = 0 + a. What is the remainder when g(15) is divided by w?
5
Let j(x) = -4*x - 2. Let d be j(2). Let l be (-2 - -1)*(d - 1). What is the remainder when 37 is divided by 141/l + (-6)/(-33)?
11
Suppose 0 = -3*r + 8*r + 2*q + 9, -5*r - 11 = 3*q. Let s(v) = -4*v**3. Let n be s(r). Calculate the remainder when 18 is divided by (32/(-40))/(n/(-50)).
8
Suppose a = 2*a - 11. Let w(u) = -u**2 - 1 + 4*u + 6*u - 4*u - 3. What is the remainder when a is divided by w(4)?
3
Let a(t) = -t**3 - 16*t**2 - 18*t + 16. Calculate the remainder when a(-15) is divided by 16.
13
Suppose -30*q + 255 = -25*q. What is the remainder when q is divided by 27?
24
Let l = 3 - 5. What is the remainder when l + 0 - 150/(-2) is divided by 25?
23
Let f(d) = d**2 + 16*d - 38. Calculate the remainder when 35 is divided by f(-19).
16
Let c = 1 - -1. Let p be 1 + c + -112 + -3. Calculate the remainder when 1 + (2 - p/2) is divided by 15.
14
Let n = 6 + 9. Calculate the remainder when 59 is divided by n.
14
Suppose j = s + 3*j - 8, 0 = 3*j + 3. Calculate the remainder when 14 is divided by s.
4
Let b = 46 + -19. What is the remainder when 600/b - 2/9 is divided by 12?
10
Let z = 12 + -9. Let w be (1 - z)/((-4)/6). Suppose 5*g = 2*g + 4*d + w, 3*g - 5*d - 3 = 0. What is the remainder when 2 is divided by g?
0
Let o(t) = -t**2 - 7*t + 4. Let y = -13 - -6. What is the remainder when 13 is divided by o(y)?
1
Suppose 5*m + 118 = 2*p, m + 2*m = 3*p - 168. Calculate the remainder when p is divided by 14.
12
Let l(b) = -b + 30. Let s(y) = y**2 - 3*y + 1. What is the remainder when s(-5) is divided by l(16)?
13
Calculate the remainder when 204 is divided by ((-82)/(-12))/(-1 - 35/(-30)).
40
Let i = -50 - -76. Let k(r) = -r**3 + 9*r**2 - 8*r - 4. Let t be k(8). Calculate the remainder when i is divided by (-2 - 12/t)*7.
5
Let d = 10 - 10. Suppose d = 5*s - 8 - 2. Calculate the remainder when 5 is divided by s.
1
Let g = 4 - 1. Let w be -3 + 15/(-3)*-2. Let q = w + 0. What is the remainder when q is divided by g?
1
Suppose -5*t + 17 = -18. Calculate the remainder when 14/(-49) - (-79)/t is divided by (-1)/2*-1*14.
4
Suppose 0*d = 3*d - 6. Suppose 3*l = l - 3*k + 49, -d*k + 86 = 4*l. What is the remainder when 58 is divided by l?
18
Suppose 0*b = -5*b. Suppose b = -0*q + 5*q - 15. Suppose q*s = 31 + 17. Calculate the remainder when 46 is divided by s.
14
Suppose 2*s = -5*g + 3*g + 126, -s + 4*g =